{"id":9683,"date":"2022-09-07T13:38:00","date_gmt":"2022-09-07T11:38:00","guid":{"rendered":"https:\/\/www.visbygk.com\/?post_type=tribe_events&#038;p=9683"},"modified":"2022-09-07T13:38:00","modified_gmt":"2022-09-07T11:38:00","slug":"invigning-nya-3an","status":"publish","type":"tribe_events","link":"https:\/\/www.visbygk.com\/sv\/event\/invigning-nya-3an\/","title":{"rendered":"Invigning nya 3:an"},"content":{"rendered":"<p style=\"text-align: center;\">PREMI\u00c4R!<\/p>\n<p>Nu \u00e4r det dags f\u00f6r \u00f6ppning av nya h\u00e5l 3!<br \/>\nSom vi har l\u00e4ngtat!<\/p>\n<p style=\"text-align: center;\">Premi\u00e4ren blir fredagen den 16:e september.<br \/>\nDet \u00e4r f\u00f6rst till kvarn f\u00f6r er medlemmar. Boka nu, det finns gott om tider. Officiell invigning av h\u00e5let blir 16:00 samma dag.<\/p>\n<p style=\"text-align: center;\">Ordf\u00f6rande, hedersmedlem och juniorer spelar h\u00e5let.<br \/>\nV\u00e4lkomna att n\u00e4rvara n\u00e4r vi klipper bandet.<\/p>\n<p style=\"text-align: center;\">Efter invigningen tr\u00e4ffas vi i restaurangen och firar nya h\u00e5l 3.<br \/>\nVi bjuder p\u00e5 tilltugg och n\u00e5got gott att dricka.<\/p>\n<p style=\"text-align: center;\">Varmt v\u00e4lkomna den 16:e september!<\/p>\n","protected":false},"excerpt":{"rendered":"<p>PREMI\u00c4R! Nu \u00e4r det dags f\u00f6r \u00f6ppning av nya h\u00e5l 3! Som vi har l\u00e4ngtat! Premi\u00e4ren blir fredagen den 16:e september. Det \u00e4r f\u00f6rst till kvarn f\u00f6r er medlemmar. Boka&hellip;<\/p>\n","protected":false},"author":391,"featured_media":9657,"comment_status":"closed","ping_status":"closed","template":"","meta":{"_tribe_events_status":"","_tribe_events_status_reason":"","_tribe_events_is_hybrid":"","_tribe_events_is_virtual":"","_tribe_events_virtual_video_source":"","_tribe_events_virtual_embed_video":"","_tribe_events_virtual_linked_button_text":"","_tribe_events_virtual_linked_button":"","_tribe_events_virtual_show_embed_at":"","_tribe_events_virtual_show_embed_to":[],"_tribe_events_virtual_show_on_event":"","_tribe_events_virtual_show_on_views":"","_tribe_events_virtual_url":"","footnotes":""},"tags":[],"tribe_events_cat":[],"class_list":["post-9683","tribe_events","type-tribe_events","status-publish","has-post-thumbnail","hentry"],"featured_image_urls_v2":{"full":["https:\/\/www.visbygk.com\/wp-content\/uploads\/2022\/08\/20220830_083916990_iOS-scaled.jpg",2560,1920,false],"thumbnail":["https:\/\/www.visbygk.com\/wp-content\/uploads\/2022\/08\/20220830_083916990_iOS-150x150.jpg",150,150,true],"medium":["https:\/\/www.visbygk.com\/wp-content\/uploads\/2022\/08\/20220830_083916990_iOS-300x225.jpg",300,225,true],"medium_large":["https:\/\/www.visbygk.com\/wp-content\/uploads\/2022\/08\/20220830_083916990_iOS-768x576.jpg",768,576,true],"large":["https:\/\/www.visbygk.com\/wp-content\/uploads\/2022\/08\/20220830_083916990_iOS-1024x768.jpg",800,600,true],"1536x1536":["https:\/\/www.visbygk.com\/wp-content\/uploads\/2022\/08\/20220830_083916990_iOS-1536x1152.jpg",1536,1152,true],"2048x2048":["https:\/\/www.visbygk.com\/wp-content\/uploads\/2022\/08\/20220830_083916990_iOS-2048x1536.jpg",2048,1536,true],"post-thumbnail":["https:\/\/www.visbygk.com\/wp-content\/uploads\/2022\/08\/20220830_083916990_iOS-1200x900.jpg",1200,900,true],"twentytwenty-fullscreen":["https:\/\/www.visbygk.com\/wp-content\/uploads\/2022\/08\/20220830_083916990_iOS-1980x1485.jpg",1980,1485,true]},"post_excerpt_stackable_v2":"<p>PREMI\u00c4R! Nu \u00e4r det dags f\u00f6r \u00f6ppning av nya h\u00e5l 3! Som vi har l\u00e4ngtat! Premi\u00e4ren blir fredagen den 16:e september. Det \u00e4r f\u00f6rst till kvarn f\u00f6r er medlemmar. Boka nu, det finns gott om tider. Officiell invigning av h\u00e5let blir 16:00 samma dag. Ordf\u00f6rande, hedersmedlem och juniorer spelar h\u00e5let. V\u00e4lkomna att n\u00e4rvara n\u00e4r vi klipper bandet. Efter invigningen tr\u00e4ffas vi i restaurangen och firar nya h\u00e5l 3. Vi bjuder p\u00e5 tilltugg och n\u00e5got gott att dricka. Varmt v\u00e4lkomna den 16:e september!<\/p>\n","category_list_v2":"","author_info_v2":{"name":"000111-003","url":"https:\/\/www.visbygk.com\/sv\/author\/000111-003\/"},"comments_num_v2":"0 comments","yoast_head":"<!-- This site is optimized with the Yoast SEO plugin v24.7 - https:\/\/yoast.com\/wordpress\/plugins\/seo\/ -->\n<title>Invigning nya 3:an - Visby GK<\/title>\n<meta name=\"robots\" content=\"index, follow, max-snippet:-1, max-image-preview:large, max-video-preview:-1\" \/>\n<link rel=\"canonical\" href=\"https:\/\/www.visbygk.com\/sv\/event\/invigning-nya-3an\/\" \/>\n<meta property=\"og:locale\" content=\"sv_SE\" \/>\n<meta property=\"og:type\" content=\"article\" \/>\n<meta property=\"og:title\" content=\"Invigning nya 3:an - Visby GK\" \/>\n<meta property=\"og:description\" content=\"PREMI\u00c4R! Nu \u00e4r det dags f\u00f6r \u00f6ppning av nya h\u00e5l 3! Som vi har l\u00e4ngtat! Premi\u00e4ren blir fredagen den 16:e september. Det \u00e4r f\u00f6rst till kvarn f\u00f6r er medlemmar. Boka&hellip;\" \/>\n<meta property=\"og:url\" content=\"https:\/\/www.visbygk.com\/sv\/event\/invigning-nya-3an\/\" \/>\n<meta property=\"og:site_name\" content=\"Visby GK\" \/>\n<meta property=\"og:image\" content=\"https:\/\/www.visbygk.com\/wp-content\/uploads\/2022\/08\/20220830_083916990_iOS-scaled.jpg\" \/>\n\t<meta property=\"og:image:width\" content=\"2560\" \/>\n\t<meta property=\"og:image:height\" content=\"1920\" \/>\n\t<meta property=\"og:image:type\" content=\"image\/jpeg\" \/>\n<meta name=\"twitter:card\" content=\"summary_large_image\" \/>\n<script type=\"application\/ld+json\" class=\"yoast-schema-graph\">{\"@context\":\"https:\/\/schema.org\",\"@graph\":[{\"@type\":\"WebPage\",\"@id\":\"https:\/\/www.visbygk.com\/sv\/event\/invigning-nya-3an\/\",\"url\":\"https:\/\/www.visbygk.com\/sv\/event\/invigning-nya-3an\/\",\"name\":\"Invigning nya 3:an - Visby GK\",\"isPartOf\":{\"@id\":\"https:\/\/www.visbygk.com\/sv\/#website\"},\"primaryImageOfPage\":{\"@id\":\"https:\/\/www.visbygk.com\/sv\/event\/invigning-nya-3an\/#primaryimage\"},\"image\":{\"@id\":\"https:\/\/www.visbygk.com\/sv\/event\/invigning-nya-3an\/#primaryimage\"},\"thumbnailUrl\":\"https:\/\/www.visbygk.com\/wp-content\/uploads\/2022\/08\/20220830_083916990_iOS-scaled.jpg\",\"datePublished\":\"2022-09-07T11:38:00+00:00\",\"breadcrumb\":{\"@id\":\"https:\/\/www.visbygk.com\/sv\/event\/invigning-nya-3an\/#breadcrumb\"},\"inLanguage\":\"sv-SE\",\"potentialAction\":[{\"@type\":\"ReadAction\",\"target\":[\"https:\/\/www.visbygk.com\/sv\/event\/invigning-nya-3an\/\"]}]},{\"@type\":\"ImageObject\",\"inLanguage\":\"sv-SE\",\"@id\":\"https:\/\/www.visbygk.com\/sv\/event\/invigning-nya-3an\/#primaryimage\",\"url\":\"https:\/\/www.visbygk.com\/wp-content\/uploads\/2022\/08\/20220830_083916990_iOS-scaled.jpg\",\"contentUrl\":\"https:\/\/www.visbygk.com\/wp-content\/uploads\/2022\/08\/20220830_083916990_iOS-scaled.jpg\",\"width\":2560,\"height\":1920},{\"@type\":\"BreadcrumbList\",\"@id\":\"https:\/\/www.visbygk.com\/sv\/event\/invigning-nya-3an\/#breadcrumb\",\"itemListElement\":[{\"@type\":\"ListItem\",\"position\":1,\"name\":\"Home\",\"item\":\"https:\/\/www.visbygk.com\/sv\/\"},{\"@type\":\"ListItem\",\"position\":2,\"name\":\"Evenemang\",\"item\":\"https:\/\/www.visbygk.com\/sv\/events\/\"},{\"@type\":\"ListItem\",\"position\":3,\"name\":\"Invigning nya 3:an\"}]},{\"@type\":\"WebSite\",\"@id\":\"https:\/\/www.visbygk.com\/sv\/#website\",\"url\":\"https:\/\/www.visbygk.com\/sv\/\",\"name\":\"Visby GK\",\"description\":\"Visby GK\",\"publisher\":{\"@id\":\"https:\/\/www.visbygk.com\/sv\/#organization\"},\"potentialAction\":[{\"@type\":\"SearchAction\",\"target\":{\"@type\":\"EntryPoint\",\"urlTemplate\":\"https:\/\/www.visbygk.com\/sv\/?s={search_term_string}\"},\"query-input\":{\"@type\":\"PropertyValueSpecification\",\"valueRequired\":true,\"valueName\":\"search_term_string\"}}],\"inLanguage\":\"sv-SE\"},{\"@type\":\"Organization\",\"@id\":\"https:\/\/www.visbygk.com\/sv\/#organization\",\"name\":\"Visby GK\",\"url\":\"https:\/\/www.visbygk.com\/sv\/\",\"logo\":{\"@type\":\"ImageObject\",\"inLanguage\":\"sv-SE\",\"@id\":\"https:\/\/www.visbygk.com\/sv\/#\/schema\/logo\/image\/\",\"url\":\"https:\/\/www.visbygk.com\/wp-content\/uploads\/2021\/01\/visbygk-svart-1.png\",\"contentUrl\":\"https:\/\/www.visbygk.com\/wp-content\/uploads\/2021\/01\/visbygk-svart-1.png\",\"width\":800,\"height\":800,\"caption\":\"Visby GK\"},\"image\":{\"@id\":\"https:\/\/www.visbygk.com\/sv\/#\/schema\/logo\/image\/\"}}]}<\/script>\n<!-- \/ Yoast SEO plugin. -->","yoast_head_json":{"title":"Invigning nya 3:an - Visby GK","robots":{"index":"index","follow":"follow","max-snippet":"max-snippet:-1","max-image-preview":"max-image-preview:large","max-video-preview":"max-video-preview:-1"},"canonical":"https:\/\/www.visbygk.com\/sv\/event\/invigning-nya-3an\/","og_locale":"sv_SE","og_type":"article","og_title":"Invigning nya 3:an - Visby GK","og_description":"PREMI\u00c4R! Nu \u00e4r det dags f\u00f6r \u00f6ppning av nya h\u00e5l 3! Som vi har l\u00e4ngtat! Premi\u00e4ren blir fredagen den 16:e september. Det \u00e4r f\u00f6rst till kvarn f\u00f6r er medlemmar. Boka&hellip;","og_url":"https:\/\/www.visbygk.com\/sv\/event\/invigning-nya-3an\/","og_site_name":"Visby GK","og_image":[{"width":2560,"height":1920,"url":"https:\/\/www.visbygk.com\/wp-content\/uploads\/2022\/08\/20220830_083916990_iOS-scaled.jpg","type":"image\/jpeg"}],"twitter_card":"summary_large_image","schema":{"@context":"https:\/\/schema.org","@graph":[{"@type":"WebPage","@id":"https:\/\/www.visbygk.com\/sv\/event\/invigning-nya-3an\/","url":"https:\/\/www.visbygk.com\/sv\/event\/invigning-nya-3an\/","name":"Invigning nya 3:an - Visby GK","isPartOf":{"@id":"https:\/\/www.visbygk.com\/sv\/#website"},"primaryImageOfPage":{"@id":"https:\/\/www.visbygk.com\/sv\/event\/invigning-nya-3an\/#primaryimage"},"image":{"@id":"https:\/\/www.visbygk.com\/sv\/event\/invigning-nya-3an\/#primaryimage"},"thumbnailUrl":"https:\/\/www.visbygk.com\/wp-content\/uploads\/2022\/08\/20220830_083916990_iOS-scaled.jpg","datePublished":"2022-09-07T11:38:00+00:00","breadcrumb":{"@id":"https:\/\/www.visbygk.com\/sv\/event\/invigning-nya-3an\/#breadcrumb"},"inLanguage":"sv-SE","potentialAction":[{"@type":"ReadAction","target":["https:\/\/www.visbygk.com\/sv\/event\/invigning-nya-3an\/"]}]},{"@type":"ImageObject","inLanguage":"sv-SE","@id":"https:\/\/www.visbygk.com\/sv\/event\/invigning-nya-3an\/#primaryimage","url":"https:\/\/www.visbygk.com\/wp-content\/uploads\/2022\/08\/20220830_083916990_iOS-scaled.jpg","contentUrl":"https:\/\/www.visbygk.com\/wp-content\/uploads\/2022\/08\/20220830_083916990_iOS-scaled.jpg","width":2560,"height":1920},{"@type":"BreadcrumbList","@id":"https:\/\/www.visbygk.com\/sv\/event\/invigning-nya-3an\/#breadcrumb","itemListElement":[{"@type":"ListItem","position":1,"name":"Home","item":"https:\/\/www.visbygk.com\/sv\/"},{"@type":"ListItem","position":2,"name":"Evenemang","item":"https:\/\/www.visbygk.com\/sv\/events\/"},{"@type":"ListItem","position":3,"name":"Invigning nya 3:an"}]},{"@type":"WebSite","@id":"https:\/\/www.visbygk.com\/sv\/#website","url":"https:\/\/www.visbygk.com\/sv\/","name":"Visby GK","description":"Visby GK","publisher":{"@id":"https:\/\/www.visbygk.com\/sv\/#organization"},"potentialAction":[{"@type":"SearchAction","target":{"@type":"EntryPoint","urlTemplate":"https:\/\/www.visbygk.com\/sv\/?s={search_term_string}"},"query-input":{"@type":"PropertyValueSpecification","valueRequired":true,"valueName":"search_term_string"}}],"inLanguage":"sv-SE"},{"@type":"Organization","@id":"https:\/\/www.visbygk.com\/sv\/#organization","name":"Visby GK","url":"https:\/\/www.visbygk.com\/sv\/","logo":{"@type":"ImageObject","inLanguage":"sv-SE","@id":"https:\/\/www.visbygk.com\/sv\/#\/schema\/logo\/image\/","url":"https:\/\/www.visbygk.com\/wp-content\/uploads\/2021\/01\/visbygk-svart-1.png","contentUrl":"https:\/\/www.visbygk.com\/wp-content\/uploads\/2021\/01\/visbygk-svart-1.png","width":800,"height":800,"caption":"Visby GK"},"image":{"@id":"https:\/\/www.visbygk.com\/sv\/#\/schema\/logo\/image\/"}}]}},"_links":{"self":[{"href":"https:\/\/www.visbygk.com\/sv\/wp-json\/wp\/v2\/tribe_events\/9683","targetHints":{"allow":["GET"]}}],"collection":[{"href":"https:\/\/www.visbygk.com\/sv\/wp-json\/wp\/v2\/tribe_events"}],"about":[{"href":"https:\/\/www.visbygk.com\/sv\/wp-json\/wp\/v2\/types\/tribe_events"}],"author":[{"embeddable":true,"href":"https:\/\/www.visbygk.com\/sv\/wp-json\/wp\/v2\/users\/391"}],"replies":[{"embeddable":true,"href":"https:\/\/www.visbygk.com\/sv\/wp-json\/wp\/v2\/comments?post=9683"}],"version-history":[{"count":1,"href":"https:\/\/www.visbygk.com\/sv\/wp-json\/wp\/v2\/tribe_events\/9683\/revisions"}],"predecessor-version":[{"id":9684,"href":"https:\/\/www.visbygk.com\/sv\/wp-json\/wp\/v2\/tribe_events\/9683\/revisions\/9684"}],"wp:featuredmedia":[{"embeddable":true,"href":"https:\/\/www.visbygk.com\/sv\/wp-json\/wp\/v2\/media\/9657"}],"wp:attachment":[{"href":"https:\/\/www.visbygk.com\/sv\/wp-json\/wp\/v2\/media?parent=9683"}],"wp:term":[{"taxonomy":"post_tag","embeddable":true,"href":"https:\/\/www.visbygk.com\/sv\/wp-json\/wp\/v2\/tags?post=9683"},{"taxonomy":"tribe_events_cat","embeddable":true,"href":"https:\/\/www.visbygk.com\/sv\/wp-json\/wp\/v2\/tribe_events_cat?post=9683"}],"curies":[{"name":"wp","href":"https:\/\/api.w.org\/{rel}","templated":true}]}}

<p style="text-align: center;">PREMIÄR!</p>
<p>Nu är det dags för öppning av nya hål 3!<br />
Som vi har längtat!</p>
<p style="text-align: center;">Premiären blir fredagen den 16:e september.<br />
Det är först till kvarn för er medlemmar. Boka nu, det finns gott om tider. Officiell invigning av hålet blir 16:00 samma dag.</p>
<p style="text-align: center;">Ordförande, hedersmedlem och juniorer spelar hålet.<br />
Välkomna att närvara när vi klipper bandet.</p>
<p style="text-align: center;">Efter invigningen träffas vi i restaurangen och firar nya hål 3.<br />
Vi bjuder på tilltugg och något gott att dricka.</p>
<p style="text-align: center;">Varmt välkomna den 16:e september!</p>

<p>PREMIÄR! Nu är det dags för öppning av nya hål 3! Som vi har längtat! Premiären blir fredagen den 16:e september. Det är först till kvarn för er medlemmar. Boka&hellip;</p>

<p>PREMIÄR! Nu är det dags för öppning av nya hål 3! Som vi har längtat! Premiären blir fredagen den 16:e september. Det är först till kvarn för er medlemmar. Boka nu, det finns gott om tider. Officiell invigning av hålet blir 16:00 samma dag. Ordförande, hedersmedlem och juniorer spelar hålet. Välkomna att närvara när vi klipper bandet. Efter invigningen träffas vi i restaurangen och firar nya hål 3. Vi bjuder på tilltugg och något gott att dricka. Varmt välkomna den 16:e september!</p>

<!-- This site is optimized with the Yoast SEO plugin v24.7 - https://yoast.com/wordpress/plugins/seo/ -->
<title>Invigning nya 3:an - Visby GK</title>
<meta name="robots" content="index, follow, max-snippet:-1, max-image-preview:large, max-video-preview:-1" />
<link rel="canonical" href="https://www.visbygk.com/sv/event/invigning-nya-3an/" />
<meta property="og:locale" content="sv_SE" />
<meta property="og:type" content="article" />
<meta property="og:title" content="Invigning nya 3:an - Visby GK" />
<meta property="og:description" content="PREMIÄR! Nu är det dags för öppning av nya hål 3! Som vi har längtat! Premiären blir fredagen den 16:e september. Det är först till kvarn för er medlemmar. Boka&hellip;" />
<meta property="og:url" content="https://www.visbygk.com/sv/event/invigning-nya-3an/" />
<meta property="og:site_name" content="Visby GK" />
<meta property="og:image" content="https://www.visbygk.com/wp-content/uploads/2022/08/20220830_083916990_iOS-scaled.jpg" />
	<meta property="og:image:width" content="2560" />
	<meta property="og:image:height" content="1920" />
	<meta property="og:image:type" content="image/jpeg" />
<meta name="twitter:card" content="summary_large_image" />
<script type="application/ld+json" class="yoast-schema-graph">{"@context":"https://schema.org","@graph":[{"@type":"WebPage","@id":"https://www.visbygk.com/sv/event/invigning-nya-3an/","url":"https://www.visbygk.com/sv/event/invigning-nya-3an/","name":"Invigning nya 3:an - Visby GK","isPartOf":{"@id":"https://www.visbygk.com/sv/#website"},"primaryImageOfPage":{"@id":"https://www.visbygk.com/sv/event/invigning-nya-3an/#primaryimage"},"image":{"@id":"https://www.visbygk.com/sv/event/invigning-nya-3an/#primaryimage"},"thumbnailUrl":"https://www.visbygk.com/wp-content/uploads/2022/08/20220830_083916990_iOS-scaled.jpg","datePublished":"2022-09-07T11:38:00+00:00","breadcrumb":{"@id":"https://www.visbygk.com/sv/event/invigning-nya-3an/#breadcrumb"},"inLanguage":"sv-SE","potentialAction":[{"@type":"ReadAction","target":["https://www.visbygk.com/sv/event/invigning-nya-3an/"]}]},{"@type":"ImageObject","inLanguage":"sv-SE","@id":"https://www.visbygk.com/sv/event/invigning-nya-3an/#primaryimage","url":"https://www.visbygk.com/wp-content/uploads/2022/08/20220830_083916990_iOS-scaled.jpg","contentUrl":"https://www.visbygk.com/wp-content/uploads/2022/08/20220830_083916990_iOS-scaled.jpg","width":2560,"height":1920},{"@type":"BreadcrumbList","@id":"https://www.visbygk.com/sv/event/invigning-nya-3an/#breadcrumb","itemListElement":[{"@type":"ListItem","position":1,"name":"Home","item":"https://www.visbygk.com/sv/"},{"@type":"ListItem","position":2,"name":"Evenemang","item":"https://www.visbygk.com/sv/events/"},{"@type":"ListItem","position":3,"name":"Invigning nya 3:an"}]},{"@type":"WebSite","@id":"https://www.visbygk.com/sv/#website","url":"https://www.visbygk.com/sv/","name":"Visby GK","description":"Visby GK","publisher":{"@id":"https://www.visbygk.com/sv/#organization"},"potentialAction":[{"@type":"SearchAction","target":{"@type":"EntryPoint","urlTemplate":"https://www.visbygk.com/sv/?s={search_term_string}"},"query-input":{"@type":"PropertyValueSpecification","valueRequired":true,"valueName":"search_term_string"}}],"inLanguage":"sv-SE"},{"@type":"Organization","@id":"https://www.visbygk.com/sv/#organization","name":"Visby GK","url":"https://www.visbygk.com/sv/","logo":{"@type":"ImageObject","inLanguage":"sv-SE","@id":"https://www.visbygk.com/sv/#/schema/logo/image/","url":"https://www.visbygk.com/wp-content/uploads/2021/01/visbygk-svart-1.png","contentUrl":"https://www.visbygk.com/wp-content/uploads/2021/01/visbygk-svart-1.png","width":800,"height":800,"caption":"Visby GK"},"image":{"@id":"https://www.visbygk.com/sv/#/schema/logo/image/"}}]}</script>
<!-- / Yoast SEO plugin. -->

PREMIÄR! Nu är det dags för öppning av nya hål 3! Som vi har längtat! Premiären blir fredagen den 16:e september. Det är först till kvarn för er medlemmar. Boka&hellip;
